{"id":894,"date":"2022-03-13T11:00:47","date_gmt":"2022-03-13T11:00:47","guid":{"rendered":"https:\/\/heldenreise.com\/?page_id=894"},"modified":"2024-04-20T18:28:26","modified_gmt":"2024-04-20T18:28:26","slug":"heldenreise-kontraindikationen","status":"publish","type":"page","link":"https:\/\/heldenreise.com\/index.php\/heldenreise-kontraindikationen\/","title":{"rendered":"Heldenreise Kontraindikationen"},"content":{"rendered":"<p>[et_pb_section fb_built=&#8221;1&#8243; next_background_color=&#8221;#fff5c6&#8243; _builder_version=&#8221;4.8.1&#8243; _module_preset=&#8221;default&#8221; background_color=&#8221;rgba(255,236,155,0.94)&#8221; background_image=&#8221;https:\/\/heldenreise.com\/wp-content\/uploads\/2021\/01\/Webhintergrund-Holotropes-Atmen-e1611878092921.jpg&#8221; parallax=&#8221;on&#8221; min_height=&#8221;181px&#8221; custom_padding=&#8221;0px|||||&#8221; top_divider_color=&#8221;#FFFFFF&#8221; top_divider_height=&#8221;17px&#8221; bottom_divider_style=&#8221;waves2&#8243; bottom_divider_height=&#8221;60px&#8221; global_colors_info=&#8221;{}&#8221;][et_pb_row column_structure=&#8221;1_2,1_2&#8243; _builder_version=&#8221;4.8.1&#8243; _module_preset=&#8221;default&#8221; min_height=&#8221;86.9px&#8221; custom_padding=&#8221;91px|||||&#8221; global_colors_info=&#8221;{}&#8221;][et_pb_column type=&#8221;1_2&#8243; _builder_version=&#8221;4.8.1&#8243; _module_preset=&#8221;default&#8221; global_colors_info=&#8221;{}&#8221;][et_pb_text _builder_version=&#8221;4.8.1&#8243; _module_preset=&#8221;default&#8221; global_colors_info=&#8221;{}&#8221;][\/et_pb_text][et_pb_text _builder_version=&#8221;4.10.7&#8243; _module_preset=&#8221;default&#8221; text_text_color=&#8221;#FFFFFF&#8221; text_font_size=&#8221;61px&#8221; header_font_size=&#8221;37px&#8221; background_layout=&#8221;dark&#8221; hover_enabled=&#8221;0&#8243; text_text_shadow_style=&#8221;preset2&#8243; text_text_shadow_horizontal_length=&#8221;-0.1em&#8221; inline_fonts=&#8221;Grandstander&#8221; global_colors_info=&#8221;{}&#8221; sticky_enabled=&#8221;0&#8243;]<\/p>\n<h1><\/h1>\n<h1><span style=\"font-size: xx-large; font-family: inherit; font-weight: normal;\">DIE HELDENREISE\u00ae<br \/>nach Paul Rebillot<\/span><br \/><span style=\"font-size: x-large;\">\u00dcber dich selbst hinauswachsen<\/span><\/h1>\n<p>[\/et_pb_text][\/et_pb_column][et_pb_column type=&#8221;1_2&#8243; _builder_version=&#8221;4.8.1&#8243; _module_preset=&#8221;default&#8221; global_colors_info=&#8221;{}&#8221;][et_pb_text _builder_version=&#8221;4.8.1&#8243; _module_preset=&#8221;default&#8221; text_text_color=&#8221;#F9F9DE&#8221; text_text_shadow_style=&#8221;preset2&#8243; text_text_shadow_vertical_length=&#8221;0.12em&#8221; text_text_shadow_blur_strength=&#8221;0.25em&#8221; text_text_shadow_color=&#8221;#000000&#8243; global_colors_info=&#8221;{}&#8221;]<\/p>\n<p style=\"text-align: right;\"><span style=\"font-size: 13pt;\"><b><span style=\"font-size: 20pt;\"><\/span><\/b><\/span><strong><span style=\"font-size: 5pt;\"><br \/><\/span><span style=\"font-size: 10pt;\"><span style=\"font-size: large;\">Andreas Kleindienst<\/span><br \/><span style=\"font-size: large;\">Heilpraktiker f\u00fcr Psychotherapie<br \/>Gestalttherapeut &amp;<br \/>Heldenreiseleiter nach Paul Rebillot<\/span><br \/><\/span><\/strong><\/p>\n<p style=\"text-align: right;\"><strong>Rosenheimerstr. 36<\/strong><br \/><strong>81669 M\u00fcnchen<\/strong><\/p>\n<p style=\"text-align: right;\"><strong><\/strong><\/p>\n<p style=\"text-align: right;\"><span style=\"font-size: medium;\"><strong>089 &#8211; 64 25 44 43<\/strong><\/span><\/p>\n<p>[\/et_pb_text][\/et_pb_column][\/et_pb_row][\/et_pb_section][et_pb_section fb_built=&#8221;1&#8243; _builder_version=&#8221;4.8.1&#8243; _module_preset=&#8221;default&#8221; background_color=&#8221;#fff5c6&#8243; global_colors_info=&#8221;{}&#8221;][et_pb_row _builder_version=&#8221;4.8.1&#8243; _module_preset=&#8221;default&#8221; global_colors_info=&#8221;{}&#8221;][et_pb_column type=&#8221;4_4&#8243; _builder_version=&#8221;4.8.1&#8243; _module_preset=&#8221;default&#8221; global_colors_info=&#8221;{}&#8221;][et_pb_text _builder_version=&#8221;4.10.7&#8243; _module_preset=&#8221;default&#8221; global_colors_info=&#8221;{}&#8221;]<\/p>\n<h1 class=\"\" id=\"cc-m-header-9470861284\" style=\"text-align: center;\">KONTRAINDIKATIONEN<\/h1>\n<h2 style=\"text-align: center;\"><span style=\"color: #cc4e1c;\">F\u00dcR WEN IST DIE HELD*INNENREISE NICHT GEEIGNET?<\/span><\/h2>\n<p>[\/et_pb_text][et_pb_text _builder_version=&#8221;4.10.7&#8243; _module_preset=&#8221;default&#8221; global_colors_info=&#8221;{}&#8221;]<\/p>\n<p>Die Heldenreise nach Paul Rebillot ist &#8211; unabh\u00e4ngig vom durchf\u00fchrenden Anbieter &#8211; ein Selbsterfahrungsseminar, das sich unter anderem durch eine hohe Erlebnisdichte und viele herausfordernde Grenzerfahrungen auszeichnet. Es kann sehr problematisch f\u00fcr TeilnehmerInnen sein, wenn sie sich aufgrund der begeisterten Weiterempfehlungen von Freunden einfach zu einer Heldenreise anmelden, ohne sich vorher gr\u00fcndlich \u00fcber das Seminar zu informieren. Deshalb ist es wichtig, dass du dir daf\u00fcr Zeit nimmst und insbesondere die hier erl\u00e4uterten Kontraindikationen gewissenhaft pr\u00fcfst.<\/p>\n<p>[\/et_pb_text][et_pb_text _builder_version=&#8221;4.10.7&#8243; _module_preset=&#8221;default&#8221; global_colors_info=&#8221;{}&#8221;]<\/p>\n<h2><\/h2>\n<blockquote>\n<h2><a name=\"Kontraindikationen\"><\/a>Die Heldenreise ist aufgrund ihrer Intensit\u00e4t nicht geeignet f\u00fcr folgende Personengruppen:<\/h2>\n<ul>\n<li>Schwangere<\/li>\n<li>Menschen, die sich aus gesundheitlichen Gr\u00fcnden psychisch und k\u00f6rperlich nicht belasten sollen.<\/li>\n<li>Menschen, die an Schizophrenie erkrankt sind.<\/li>\n<li>Menschen, die in ihrem Leben eine oder mehrere manische oder bi-polare, psychotische Episoden hatten.<\/li>\n<li>Menschen mit Borderline-Symptomatik.<\/li>\n<\/ul>\n<\/blockquote>\n<p>[\/et_pb_text][et_pb_text _builder_version=&#8221;4.10.7&#8243; _module_preset=&#8221;default&#8221; global_colors_info=&#8221;{}&#8221;]<\/p>\n<p>Ausserdem ist eine wichtige Frage:<\/p>\n<h2>WIE REAGIERST DU AUF STRESS ?<\/h2>\n<p>Bei der Heldenreise ist es n\u00f6tig, dass du bei innerer Aufregung und bei der Auseinandersetzung mit eventuell schmerzlichen Themen die Verbindung mit dir selbst und den Kontakt zu uns Begleitern aufrecht erhalten kannst. Was ist damit gemeint? Folgende Fragen k\u00f6nnen dir helfen diesen Punkt besser f\u00fcr dich einzusch\u00e4tzen und herauszufinden, ob eventuell eine andere, sanftere Herangehensweise effektiver und unterst\u00fctzender f\u00fcr dich sein kann.<\/p>\n<p>[\/et_pb_text][\/et_pb_column][\/et_pb_row][et_pb_row _builder_version=&#8221;4.10.7&#8243; _module_preset=&#8221;default&#8221; background_color=&#8221;#E2913B&#8221; global_colors_info=&#8221;{}&#8221;][et_pb_column type=&#8221;4_4&#8243; _builder_version=&#8221;4.8.1&#8243; _module_preset=&#8221;default&#8221; global_colors_info=&#8221;{}&#8221;][et_pb_text _builder_version=&#8221;4.10.7&#8243; _module_preset=&#8221;default&#8221; custom_margin=&#8221;30px|30px|30px|30px|true|true&#8221; custom_padding=&#8221;0px|30px|0px|30px|true|true&#8221; global_colors_info=&#8221;{}&#8221;]<\/p>\n<h2 style=\"text-align: center;\"><strong><span style=\"color: #ffff99;\">SELBSTEINSCH\u00c4TZUNG<\/span><\/strong><\/h2>\n<p>&nbsp;<\/p>\n<p><span style=\"color: #ffff99;\">1. Kennst du folgendes Reaktionsmuster von dir: dass du in f\u00fcr dich herausfordernden Situationen im Alltag Panik bekommst und dich dabei innerlich von dir selbst entkoppelst oder wie automatisch innerlich ganz weit weg gehst, w\u00e4hrend du die Situation \u00fcber dich ergehen l\u00e4\u00dft?<br \/><\/span><\/p>\n<p><span style=\"color: #ffff99;\">2. Kommt es in deinem Alltag regelm\u00e4\u00dfig vor, dass du dich in bestimmten, vielleicht schwierigen Situationen oder beim Sex pl\u00f6tzlich wie neben dir oder von dir getrennt erlebst; so als geh\u00f6re dein K\u00f6rper oder Teile deines K\u00f6rpers und\/oder deine Gef\u00fchle nicht so richtig zu dir?<\/span><\/p>\n<p><span style=\"color: #ffff99;\">3. Kommt es regelm\u00e4\u00dfig vor, dass du dich wie etwas \u201cneben\u201d der Wirklichkeit erlebst? Wie getrennt von den anderen Menschen oder von dem Leben, das um dich herum stattfindet, ohne dass du daran teilhast oder teilnehmen kannst? Wie abgeschnitten oder hinter einer unsichtbaren Wand. Das kann sich einsam aber auch angenehm anf\u00fchlen &#8211; wie in Watte oder wie in einem Nebel, der dich sch\u00fctzend von der Welt trennt. Wie losgel\u00f6st, unbeteiligt oder gef\u00fchllos. ( <span style=\"color: #89140c;\"><a href=\"https:\/\/heldenreise.com\/index.php\/hintergrundinformationen-zu-den-kontraindikationen\/\" style=\"color: #89140c;\">Hier findest du Hintergrundinformationen zu den Frage 1 bis 3<\/a><\/span>)<\/span><\/p>\n<p><span style=\"color: #ffff99;\">4. Hast du eine traumatische Erfahrung gemacht und f\u00fchlst dich jetzt noch \u00f6fters dadurch destabilisiert?<\/span><\/p>\n<p><span style=\"color: #ffff99;\">5. Kommt es \u00f6fters vor, dass dir allt\u00e4gliche Sinnesreize oder Stimmungen anderer schnell zu viel werden oder sich unertr\u00e4glich anf\u00fchlen f\u00fcr dich?<br \/><\/span><br \/><span style=\"color: #ffff99;\">6. Ist dein gr\u00f6\u00dftes Bed\u00fcrfnis in deiner derzeitigen Lebenssituation, das nach Ruhe und Erholung?<br \/><\/span><br \/><span style=\"color: #ffff99;\">7. Wenn du in dich hinein h\u00f6rst und dich fragst was du brauchst: Brauchst du derzeit eher eine Unterst\u00fctzung, um dich mit dir selbst und in deinem Leben sicherer und geborgener zu f\u00fchlen und eher weniger ein herausforderndes Intensivseminar, das dich aus der Komfortzone f\u00fchrt, um \u00fcber dich selbst hinaus zu wachsen?<\/span><\/p>\n<p><span style=\"color: #000000;\">Wenn du zwei oder mehrere dieser Fragen mit JA beantwortet hast, lass uns telefonieren, um deine individuelle Situation pers\u00f6nlich zu besprechen. Lass uns gemeinsam herausfinden, ob die Heldenreise zum jetztigen Zeitpunkt etwas f\u00fcr dich ist und was f\u00fcr dich unterst\u00fctzend sein kann. 089 &#8211; 64 25 44 43<br \/><\/span><\/p>\n<p><span style=\"color: #ffff99;\"><span style=\"color: #000000;\">Hast du alle oder sechs dieser Fragen mit NEIN beantwortet? Dann kannst du dich direkt zu einer Heldenreise anmelden, wenn du magst. <\/span><span style=\"color: #841706;\"><a href=\"https:\/\/heldenreise.com\/index.php\/termine\/\" style=\"color: #841706;\">Hier findest du die n\u00e4chsten Termine.<\/a><\/span><br \/><\/span><\/p>\n<p>[\/et_pb_text][et_pb_button button_url=&#8221;https:\/\/heldenreise.com\/index.php\/heldenreise-seminar\/&#8221; button_text=&#8221;ZUR\u00dcCK ZU DEN INFOS ZUM SEMINAR&#8221; button_alignment=&#8221;center&#8221; _builder_version=&#8221;4.10.7&#8243; _module_preset=&#8221;default&#8221; custom_button=&#8221;on&#8221; button_text_color=&#8221;#FFFFFF&#8221; button_border_color=&#8221;#FFFFFF&#8221; background_layout=&#8221;dark&#8221; global_colors_info=&#8221;{}&#8221;][\/et_pb_button][\/et_pb_column][\/et_pb_row][\/et_pb_section][et_pb_section fb_built=&#8221;1&#8243; prev_background_color=&#8221;#fff5c6&#8243; _builder_version=&#8221;4.10.7&#8243; _module_preset=&#8221;default&#8221; background_color=&#8221;#e5d3ac&#8221; top_divider_style=&#8221;wave2&#8243; hover_enabled=&#8221;0&#8243; global_colors_info=&#8221;{}&#8221; top_divider_height=&#8221;20px&#8221; sticky_enabled=&#8221;0&#8243;][\/et_pb_section]<\/p>\n","protected":false},"excerpt":{"rendered":"<p>DIE HELDENREISE\u00aenach Paul Rebillot\u00dcber dich selbst hinauswachsenAndreas KleindienstHeilpraktiker f\u00fcr PsychotherapieGestalttherapeut &amp;Heldenreiseleiter nach Paul Rebillot Rosenheimerstr. 3681669 M\u00fcnchen 089 &#8211; 64 25 44 43KONTRAINDIKATIONEN F\u00dcR WEN IST DIE HELD*INNENREISE NICHT GEEIGNET?Die Heldenreise nach Paul Rebillot ist &#8211; unabh\u00e4ngig vom durchf\u00fchrenden Anbieter &#8211; ein Selbsterfahrungsseminar, das sich unter anderem durch eine hohe Erlebnisdichte und viele herausfordernde Grenzerfahrungen [&hellip;]<\/p>\n","protected":false},"author":1,"featured_media":0,"parent":0,"menu_order":0,"comment_status":"closed","ping_status":"closed","template":"","meta":{"_et_pb_use_builder":"on","_et_pb_old_content":"","_et_gb_content_width":""},"_links":{"self":[{"href":"https:\/\/heldenreise.com\/index.php\/wp-json\/wp\/v2\/pages\/894"}],"collection":[{"href":"https:\/\/heldenreise.com\/index.php\/wp-json\/wp\/v2\/pages"}],"about":[{"href":"https:\/\/heldenreise.com\/index.php\/wp-json\/wp\/v2\/types\/page"}],"author":[{"embeddable":true,"href":"https:\/\/heldenreise.com\/index.php\/wp-json\/wp\/v2\/users\/1"}],"replies":[{"embeddable":true,"href":"https:\/\/heldenreise.com\/index.php\/wp-json\/wp\/v2\/comments?post=894"}],"version-history":[{"count":25,"href":"https:\/\/heldenreise.com\/index.php\/wp-json\/wp\/v2\/pages\/894\/revisions"}],"predecessor-version":[{"id":2295,"href":"https:\/\/heldenreise.com\/index.php\/wp-json\/wp\/v2\/pages\/894\/revisions\/2295"}],"wp:attachment":[{"href":"https:\/\/heldenreise.com\/index.php\/wp-json\/wp\/v2\/media?parent=894"}],"curies":[{"name":"wp","href":"https:\/\/api.w.org\/{rel}","templated":true}]}}