{"id":1269,"date":"2022-07-26T10:52:18","date_gmt":"2022-07-26T10:52:18","guid":{"rendered":"https:\/\/heldenreise.com\/?page_id=1269"},"modified":"2023-03-28T20:51:09","modified_gmt":"2023-03-28T20:51:09","slug":"fortbildung-heldenreise","status":"publish","type":"page","link":"https:\/\/heldenreise.com\/index.php\/fortbildung-heldenreise\/","title":{"rendered":"Fortbildung-Heldenreise"},"content":{"rendered":"<p>[et_pb_section fb_built=&#8221;1&#8243; next_background_color=&#8221;#fff5c6&#8243; _builder_version=&#8221;4.8.1&#8243; _module_preset=&#8221;default&#8221; background_color=&#8221;rgba(255,236,155,0.94)&#8221; background_image=&#8221;https:\/\/heldenreise.com\/wp-content\/uploads\/2021\/01\/Webhintergrund-Holotropes-Atmen-e1611878092921.jpg&#8221; parallax=&#8221;on&#8221; min_height=&#8221;181px&#8221; custom_padding=&#8221;0px|||||&#8221; top_divider_color=&#8221;#FFFFFF&#8221; top_divider_height=&#8221;17px&#8221; bottom_divider_style=&#8221;waves2&#8243; bottom_divider_height=&#8221;60px&#8221; global_colors_info=&#8221;{}&#8221;][et_pb_row column_structure=&#8221;1_2,1_2&#8243; _builder_version=&#8221;4.8.1&#8243; _module_preset=&#8221;default&#8221; min_height=&#8221;86.9px&#8221; custom_padding=&#8221;91px|||||&#8221; global_colors_info=&#8221;{}&#8221;][et_pb_column type=&#8221;1_2&#8243; _builder_version=&#8221;4.8.1&#8243; _module_preset=&#8221;default&#8221; global_colors_info=&#8221;{}&#8221;][et_pb_text _builder_version=&#8221;4.8.1&#8243; _module_preset=&#8221;default&#8221; global_colors_info=&#8221;{}&#8221;][\/et_pb_text][et_pb_text _builder_version=&#8221;4.9.3&#8243; _module_preset=&#8221;default&#8221; text_text_color=&#8221;#FFFFFF&#8221; text_font_size=&#8221;61px&#8221; header_font_size=&#8221;37px&#8221; background_layout=&#8221;dark&#8221; text_text_shadow_style=&#8221;preset2&#8243; text_text_shadow_horizontal_length=&#8221;-0.1em&#8221; inline_fonts=&#8221;Grandstander&#8221; global_colors_info=&#8221;{}&#8221;]<\/p>\n<h1><\/h1>\n<h1><span style=\"font-size: xx-large; font-family: inherit; font-weight: normal;\">DIE HELDENREISE<\/span><br \/><span style=\"font-size: x-large;\">\u00dcber dich selbst hinaus wachsen<\/span><\/h1>\n<p>[\/et_pb_text][\/et_pb_column][et_pb_column type=&#8221;1_2&#8243; _builder_version=&#8221;4.8.1&#8243; _module_preset=&#8221;default&#8221; global_colors_info=&#8221;{}&#8221;][et_pb_text _builder_version=&#8221;4.8.1&#8243; _module_preset=&#8221;default&#8221; text_text_color=&#8221;#F9F9DE&#8221; text_text_shadow_style=&#8221;preset2&#8243; text_text_shadow_vertical_length=&#8221;0.12em&#8221; text_text_shadow_blur_strength=&#8221;0.25em&#8221; text_text_shadow_color=&#8221;#000000&#8243; global_colors_info=&#8221;{}&#8221;]<\/p>\n<p style=\"text-align: right;\"><span style=\"font-size: 13pt;\"><b><span style=\"font-size: 20pt;\"><\/span><\/b><\/span><strong><span style=\"font-size: 5pt;\"><br \/><\/span><span style=\"font-size: 10pt;\"><span style=\"font-size: large;\">Andreas Kleindienst<\/span><br \/><span style=\"font-size: large;\">Heilpraktiker f\u00fcr ganzheitliche Psychotherapie<br \/>Gestalttherapeut &amp;<br \/>Heldenreiseleiter nach Paul Rebillot<\/span><br \/><\/span><\/strong><\/p>\n<p style=\"text-align: right;\"><strong>Rosenheimerstr. 36<\/strong><br \/><strong>81669 M\u00fcnchen<\/strong><\/p>\n<p style=\"text-align: right;\"><strong><\/strong><\/p>\n<p style=\"text-align: right;\"><span style=\"font-size: medium;\"><strong>089 &#8211; 64 25 44 43<\/strong><\/span><\/p>\n<p>[\/et_pb_text][\/et_pb_column][\/et_pb_row][\/et_pb_section][et_pb_section fb_built=&#8221;1&#8243; _builder_version=&#8221;4.8.1&#8243; _module_preset=&#8221;default&#8221; background_color=&#8221;#fff5c6&#8243; global_colors_info=&#8221;{}&#8221;][et_pb_row _builder_version=&#8221;4.8.1&#8243; _module_preset=&#8221;default&#8221; global_colors_info=&#8221;{}&#8221;][et_pb_column type=&#8221;4_4&#8243; _builder_version=&#8221;4.8.1&#8243; _module_preset=&#8221;default&#8221; global_colors_info=&#8221;{}&#8221;][et_pb_text _builder_version=&#8221;4.10.7&#8243; _module_preset=&#8221;default&#8221; global_colors_info=&#8221;{}&#8221;]<\/p>\n<h1 class=\"\" id=\"cc-m-header-9470861284\" style=\"text-align: center;\">DIE HELDENREISE\u00ae<\/h1>\n<h2 style=\"text-align: center;\"><span style=\"color: #cc4e1c;\">FORTBILDUNG &amp; AUSBILDUNGSEINSTIEG<br \/><\/span><\/h2>\n<p>[\/et_pb_text][et_pb_text _builder_version=&#8221;4.10.7&#8243; _module_preset=&#8221;default&#8221; global_colors_info=&#8221;{}&#8221;]<\/p>\n<p style=\"text-align: center;\"><span style=\"font-size: x-large;\"><strong><span style=\"color: #cc4e1c;\">\u00a0Die Teilnahme an einer Heldenreise er\u00f6ffnet dir die M\u00f6glichkeit durch das <a href=\"https:\/\/heldenreise.com\/index.php\/heldenreise-training\/\">Heldenreise-Training<\/a> eine Gestalttherapieausbildung zu beginnen.<br \/><\/span><\/strong><\/span><\/p>\n<p style=\"text-align: center;\">\n<p>[\/et_pb_text][et_pb_text _builder_version=&#8221;4.10.7&#8243; _module_preset=&#8221;default&#8221; global_colors_info=&#8221;{}&#8221;]<\/p>\n<p><b><span style=\"font-size: 14pt; color: #990000;\"><span style=\"color: #ff3300;\">FORTBILGUNGSSEMINAR HELDENREISE<\/span><br \/>Vermittelte Inhalte und Kompetenzen<\/span><\/b><\/p>\n<p>Das Seminar ist eine<span style=\"color: #990000;\"> <b>ganzheitliche<\/b><\/span> <b><span style=\"color: #990000;\">Einf\u00fchrung in die Methoden der strukturierten gruppentherapeutischen Gestaltarbeit mit kreativen Medien. <\/span><\/b>Es umfasst insgesamt <b>80 Fortbildungsstunden \u00e0 45 Minuten<\/b>, davon ca. 15 Stunden Theorie und 65 Stunden praktische \u00dcbungseinheiten. Die theoretischen Inhalte werden gezielt mit ganzheitlichen Methoden der humanistischen Psychologie durch intensive individuelle Erfahrungen erlebbar gemacht. Eigenes Erleben und das Begleiten der Erfahrungseinheiten anderer kennzeichnen unseren erlebnisorientierten Ansatz f\u00fcr ein nachhaltiges Lernen. Dazu braucht es die Bereitschaft sich auch den eigenen pers\u00f6nlichen Themen zu stellen. Wer dr\u00f6ge Powerpointpr\u00e4sentationen erwartet, wird \u00fcberrascht sein, wie spannend, pers\u00f6nlich und lebendig berufliche Fortbildung sein kann.<\/p>\n<p>Die Fortbildungsstunden k\u00f6nnen in der einj\u00e4hrigen Ausbildung <a href=\"https:\/\/www.heldenreise.com\/html\/ausbildungen.html\"><b><span style=\"color: #ff3300;\">Heldenreisetraining\/Grundlagenjahr einer Gestalttherapieausbildung<\/span><\/b><\/a> angerechnet werden. Grundvoraussetzung, um das <a href=\"https:\/\/heldenreise.com\/index.php\/heldenreise-training\/\">HRT-Ausbildungsjahr<\/a> machen zu k\u00f6nnen, ist die vorherige Teilnahme an einem Heldenreise-Seminar.<span style=\"font-size: 12pt;\"><\/span><\/p>\n<p>[\/et_pb_text][et_pb_cta title=&#8221;VERMITTELTE INHALTE UND KOMPETENZEN&#8221; button_text=&#8221;Click Here&#8221; _builder_version=&#8221;4.10.7&#8243; _module_preset=&#8221;default&#8221; text_orientation=&#8221;left&#8221; global_colors_info=&#8221;{}&#8221;]<\/p>\n<p><b><span style=\"color: #990000;\">Der Workshop auf Basis eines strukturierten Gestaltprozesses bringt den Teilnehmern folgende psychologische Theorieinhalte und Methoden der humanistischen Psychotherapie n\u00e4her:<\/span><\/b><\/p>\n<ul>\n<li><span style=\"font-size: 12pt;\">Monomythos nach Joseph Campbell und Ritualarbeit nach Paul Rebillot<\/span><\/li>\n<li><span style=\"font-size: 12pt;\">Prozessorientiertes Wahrnehmungs- und Awareness-Training<\/span><\/li>\n<li><span style=\"font-size: 12pt;\">Entwicklung durch Grenzerfahrungen und Lernzonenmodell (Komfortzone, Lernzone, Panikzone)<\/span><\/li>\n<li><span style=\"font-size: 12pt;\">Paradoxie der Ver\u00e4nderung nach Arnold Beisser; \u201eWas sein darf kann sich ver\u00e4ndern.\u201c<\/span><\/li>\n<li><span style=\"font-size: 12pt;\">Theorie zum \u201eK\u00f6rper- und Charakterpanzer\u201c nach W. Reich<\/span><\/li>\n<li><span style=\"font-size: 12pt;\">Grundlagen Bioenergetik und K\u00f6rperarbeit, neurogenes Zittern nach David Bercelli<\/span><\/li>\n<li><span style=\"font-size: 12pt;\">Projektion und Retroflexion; Umkehrung der Retroflexion<\/span><\/li>\n<li><span style=\"font-size: 12pt;\">Polarit\u00e4tenarbeit nach Paul Rebillot<\/span><\/li>\n<li><span style=\"font-size: 12pt;\">Holotrope Atemarbeit nach Stanislav Grof<\/span><\/li>\n<\/ul>\n<p><b><span style=\"color: #800000;\">Das Seminar schult auf der Basis eines strukturierten Gestaltprozesses folgende F\u00e4higkeiten: <\/span><\/b><\/p>\n<ul>\n<li><span style=\"font-size: 12pt;\">Pers\u00f6nliche Standortbestimmung, Resoucenaktivierung, Selbstkonfrontation, Selbstwertsch\u00e4tzung und Integration innerer Gegens\u00e4tze<\/span><\/li>\n<li><span style=\"font-size: 12pt;\">Genauere Selbst- und Fremdwahrnehmung sowie Vertiefung der eigenen Integrit\u00e4t<\/span><\/li>\n<li><span style=\"font-size: 12pt;\">Steigerung der emotionalen und sozialen Kompetenz in der Gro\u00df- und Kleingruppe<\/span><\/li>\n<li><span style=\"font-size: 12pt;\">Selbstunterst\u00fctzung und Selbstregulation in Krisen und Ver\u00e4nderungsprozessen<\/span><\/li>\n<li><span style=\"font-size: 12pt;\">Erweiterung der Pr\u00e4sentations-, der Initiativ- und Handlungskompetenz<\/span><\/li>\n<\/ul>\n<p>[\/et_pb_cta][et_pb_text _builder_version=&#8221;4.10.7&#8243; _module_preset=&#8221;default&#8221; global_colors_info=&#8221;{}&#8221;]<\/p>\n<p><span style=\"color: #000000;\"><b><span style=\"font-size: 14pt;\"><\/span><\/b>Auch wenn viele TeilnehmerInnen aus einem p\u00e4dagogischen, therapeutischen, psychologischen oder anderweitig helfenden Kontext kommen, hat sich gezeigt das auch \u201cfachfremde\u201d TeilnehmerInnen von den vermittelten Inhalten und Kompetenzen profitieren, im aktuellen beruflichen Umfeld genauso wie in Phasen beruflicher Neuorientierung.<\/span><\/p>\n<p>[\/et_pb_text][\/et_pb_column][\/et_pb_row][et_pb_row _builder_version=&#8221;4.10.7&#8243; _module_preset=&#8221;default&#8221; global_colors_info=&#8221;{}&#8221;][et_pb_column type=&#8221;4_4&#8243; _builder_version=&#8221;4.10.7&#8243; _module_preset=&#8221;default&#8221; global_colors_info=&#8221;{}&#8221;][et_pb_button button_url=&#8221;https:\/\/heldenreise.com\/index.php\/heldenreise-seminar\/&#8221; button_text=&#8221;ZUR\u00dcCK&#8221; button_alignment=&#8221;center&#8221; _builder_version=&#8221;4.10.7&#8243; _module_preset=&#8221;default&#8221; global_colors_info=&#8221;{}&#8221;][\/et_pb_button][et_pb_button button_url=&#8221;https:\/\/heldenreise.com\/index.php\/termine\/&#8221; button_text=&#8221;HELDENREISEN-TERMINE&#8221; button_alignment=&#8221;center&#8221; _builder_version=&#8221;4.10.7&#8243; _module_preset=&#8221;default&#8221; global_colors_info=&#8221;{}&#8221;][\/et_pb_button][\/et_pb_column][\/et_pb_row][\/et_pb_section][et_pb_section fb_built=&#8221;1&#8243; prev_background_color=&#8221;#fff5c6&#8243; _builder_version=&#8221;4.8.1&#8243; _module_preset=&#8221;default&#8221; background_color=&#8221;#e5d3ac&#8221; top_divider_style=&#8221;wave2&#8243; global_colors_info=&#8221;{}&#8221;][\/et_pb_section]<\/p>\n","protected":false},"excerpt":{"rendered":"<p>DIE HELDENREISE\u00dcber dich selbst hinaus wachsenAndreas KleindienstHeilpraktiker f\u00fcr ganzheitliche PsychotherapieGestalttherapeut &amp;Heldenreiseleiter nach Paul Rebillot Rosenheimerstr. 3681669 M\u00fcnchen 089 &#8211; 64 25 44 43DIE HELDENREISE\u00ae FORTBILDUNG &amp; AUSBILDUNGSEINSTIEG\u00a0Die Teilnahme an einer Heldenreise er\u00f6ffnet dir die M\u00f6glichkeit durch das Heldenreise-Training eine Gestalttherapieausbildung zu beginnen. FORTBILGUNGSSEMINAR HELDENREISEVermittelte Inhalte und Kompetenzen Das Seminar ist eine ganzheitliche Einf\u00fchrung in die [&hellip;]<\/p>\n","protected":false},"author":1,"featured_media":0,"parent":0,"menu_order":0,"comment_status":"closed","ping_status":"closed","template":"","meta":{"_et_pb_use_builder":"on","_et_pb_old_content":"","_et_gb_content_width":""},"_links":{"self":[{"href":"https:\/\/heldenreise.com\/index.php\/wp-json\/wp\/v2\/pages\/1269"}],"collection":[{"href":"https:\/\/heldenreise.com\/index.php\/wp-json\/wp\/v2\/pages"}],"about":[{"href":"https:\/\/heldenreise.com\/index.php\/wp-json\/wp\/v2\/types\/page"}],"author":[{"embeddable":true,"href":"https:\/\/heldenreise.com\/index.php\/wp-json\/wp\/v2\/users\/1"}],"replies":[{"embeddable":true,"href":"https:\/\/heldenreise.com\/index.php\/wp-json\/wp\/v2\/comments?post=1269"}],"version-history":[{"count":10,"href":"https:\/\/heldenreise.com\/index.php\/wp-json\/wp\/v2\/pages\/1269\/revisions"}],"predecessor-version":[{"id":1452,"href":"https:\/\/heldenreise.com\/index.php\/wp-json\/wp\/v2\/pages\/1269\/revisions\/1452"}],"wp:attachment":[{"href":"https:\/\/heldenreise.com\/index.php\/wp-json\/wp\/v2\/media?parent=1269"}],"curies":[{"name":"wp","href":"https:\/\/api.w.org\/{rel}","templated":true}]}}